{"id":7,"date":"2015-01-15T18:18:29","date_gmt":"2015-01-15T18:18:29","guid":{"rendered":"https:\/\/lavorare.net.br\/?page_id=7"},"modified":"2015-08-19T18:41:31","modified_gmt":"2015-08-19T18:41:31","slug":"quem-somos","status":"publish","type":"page","link":"https:\/\/lavorare.net.br\/?page_id=7","title":{"rendered":"Quem Somos"},"content":{"rendered":"<p>[vc_row row_type=&#8221;row&#8221; use_row_as_full_screen_section=&#8221;no&#8221; type=&#8221;grid&#8221; icon_pack=&#8221;font_awesome&#8221; content_menu_fe_icon=&#8221;arrow_back&#8221; text_align=&#8221;left&#8221; padding_top=&#8221;100&#8243; padding_bottom=&#8221;100&#8243; background_color=&#8221;#f5f5f5&#8243;][vc_column width=&#8221;1\/3&#8243;][vc_column_text]<strong><span style=\"color: #000000;\"><span style=\"font-size: large;\">Design Gr\u00e1fico<\/span><\/span><\/strong><\/p>\n<p>[\/vc_column_text][vc_column_text]Cria\u00e7\u00e3o, produ\u00e7\u00e3o e execu\u00e7\u00e3o de solu\u00e7\u00f5es gr\u00e1ficas para material promocional, editoriais e campanhas. Cria\u00e7\u00e3o de marca e logo, diagrama\u00e7\u00e3o e conte\u00fado visual<\/p>\n<p>[\/vc_column_text][\/vc_column][vc_column width=&#8221;1\/3&#8243; css=&#8221;.vc_custom_1427824606747{margin-bottom: 5px !important;border-bottom-width: 0px !important;padding-bottom: 0px !important;}&#8221;][vc_column_text]<strong><span style=\"color: #000000;\"><span style=\"font-size: large;\">Digital<\/span><\/span><\/strong><\/p>\n<p>[\/vc_column_text][vc_column_text]Cria\u00e7\u00e3o, produ\u00e7\u00e3o e execu\u00e7\u00e3o de solu\u00e7\u00f5es gr\u00e1ficas e ferramentas estrat\u00e9gicas para comunica\u00e7\u00e3o online<\/p>\n<p>[\/vc_column_text][\/vc_column][vc_column width=&#8221;1\/3&#8243;][vc_column_text]<strong><span style=\"color: #000000;\"><span style=\"font-size: large;\">V\u00eddeos<\/span><\/span><\/strong><\/p>\n<p>[\/vc_column_text][vc_column_text]Roteiro, cria\u00e7\u00e3o, capta\u00e7\u00e3o, edi\u00e7\u00e3o, anima\u00e7\u00e3o e vinhetas e finaliza\u00e7\u00e3o de videos para tv e web<\/p>\n<p>[\/vc_column_text][\/vc_column][\/vc_row][vc_row row_type=&#8221;row&#8221; use_row_as_full_screen_section=&#8221;no&#8221; type=&#8221;grid&#8221; icon_pack=&#8221;font_awesome&#8221; content_menu_fe_icon=&#8221;arrow_back&#8221; text_align=&#8221;left&#8221; padding_top=&#8221;100&#8243; padding_bottom=&#8221;100&#8243; background_color=&#8221;#ffffff&#8221;][vc_column width=&#8221;1\/4&#8243;]<div class='q_team '><div class='q_team_inner'><div class='q_team_image'><img src='https:\/\/lavorare.net.br\/wp-content\/uploads\/2015\/01\/NEILA.jpg' alt='team_image' \/><div class='q_team_social_holder'  style='background-color:#f9a73a;'><div class='q_team_social'><div class='q_team_social_inner'><span class='q_social_icon_holder with_link normal_social' ><a href='https:\/\/facebook.com\/' target='_blank'><i class='social_icon fa fa-facebook  simple_social' style=''><\/i><\/a><\/span><span class='q_social_icon_holder with_link normal_social' ><a href='http:\/\/twitter.com\/' target='_blank'><i class='social_icon fa fa-twitter  simple_social' style=''><\/i><\/a><\/span><span class='q_social_icon_holder with_link normal_social' ><a href='http:\/\/www' target=''><i class='social_icon fa fa-linkedin  simple_social' style=''><\/i><\/a><\/span><\/div><\/div><\/div><\/div><div class='q_team_text ' ><div class='q_team_text_inner'><div class='q_team_title_holder'><h6 class='q_team_position' >Produtora<\/6><h4 class='q_team_name' style =\"color: #000000;font-weight: 600;text-transform: uppercase\">Neila<\/h4><\/div><\/div><\/div><\/div><\/div><div class='q_team '><div class='q_team_inner'><div class='q_team_image'><img src='https:\/\/lavorare.net.br\/wp-content\/uploads\/2015\/01\/Marcos_Veras.jpg' alt='team_image' \/><div class='q_team_social_holder'  style='background-color:#f9a73a;'><div class='q_team_social'><div class='q_team_social_inner'><span class='q_social_icon_holder with_link normal_social' ><a href='https:\/\/facebook.com\/fabiano.carnevale' target='_blank'><i class='social_icon fa fa-facebook  simple_social' style=''><\/i><\/a><\/span><span class='q_social_icon_holder with_link normal_social' ><a href='http:\/\/twitter.com\/fabiano_c' target='_blank'><i class='social_icon fa fa-twitter  simple_social' style=''><\/i><\/a><\/span><\/div><\/div><\/div><\/div><div class='q_team_text ' ><div class='q_team_text_inner'><div class='q_team_title_holder'><h6 class='q_team_position' >Jornalista<\/6><h4 class='q_team_name' style =\"color: #000000;font-weight: 600;text-transform: uppercase\">Marcus Veras<\/h4><\/div><\/div><\/div><\/div><\/div>[\/vc_column][vc_column width=&#8221;1\/4&#8243;]<div class='q_team '><div class='q_team_inner'><div class='q_team_image'><img src='https:\/\/lavorare.net.br\/wp-content\/uploads\/2015\/01\/CADU.jpg' alt='team_image' \/><div class='q_team_social_holder' ><div class='q_team_social'><div class='q_team_social_inner'><\/div><\/div><\/div><\/div><div class='q_team_text ' ><div class='q_team_text_inner'><div class='q_team_title_holder'><h6 class='q_team_position' >Designer<\/6><h4 class='q_team_name' style =\"font-weight: 600;text-transform: uppercase\">Cadu<\/h4><\/div><\/div><\/div><\/div><\/div><div class='q_team '><div class='q_team_inner'><div class='q_team_image'><img src='https:\/\/lavorare.net.br\/wp-content\/uploads\/2015\/01\/GALVAO.jpg' alt='team_image' \/><div class='q_team_social_holder' ><div class='q_team_social'><div class='q_team_social_inner'><\/div><\/div><\/div><\/div><div class='q_team_text ' ><div class='q_team_text_inner'><div class='q_team_title_holder'><h6 class='q_team_position' >Motion design<\/6><h4 class='q_team_name' style =\"font-weight: 600;text-transform: uppercase\">Galv\u00e3o<\/h4><\/div><\/div><\/div><\/div><\/div>[\/vc_column][vc_column width=&#8221;1\/4&#8243;]<div class='q_team '><div class='q_team_inner'><div class='q_team_image'><img src='https:\/\/lavorare.net.br\/wp-content\/uploads\/2015\/01\/DRUGUE.jpg' alt='team_image' \/><div class='q_team_social_holder'  style='background-color:#f9a73a;'><div class='q_team_social'><div class='q_team_social_inner'><span class='q_social_icon_holder with_link normal_social' ><a href='http:\/\/tumblr.com' target=''><i class='social_icon fa fa-tumblr  simple_social' style=''><\/i><\/a><\/span><\/div><\/div><\/div><\/div><div class='q_team_text ' ><div class='q_team_text_inner'><div class='q_team_title_holder'><h6 class='q_team_position' >Designer<\/6><h4 class='q_team_name' style =\"font-weight: 600;text-transform: uppercase\">Rodrigo<\/h4><\/div><\/div><\/div><\/div><\/div><div class='q_team '><div class='q_team_inner'><div class='q_team_image'><img src='https:\/\/lavorare.net.br\/wp-content\/uploads\/2015\/01\/ANTONIO.jpg' alt='team_image' \/><div class='q_team_social_holder'  style='background-color:#f9a73a;'><div class='q_team_social'><div class='q_team_social_inner'><span class='q_social_icon_holder with_link normal_social' ><a href='http:\/\/tumblr.com' target=''><i class='social_icon fa fa-tumblr  simple_social' style=''><\/i><\/a><\/span><\/div><\/div><\/div><\/div><div class='q_team_text ' ><div class='q_team_text_inner'><div class='q_team_title_holder'><h6 class='q_team_position' >Editor<\/6><h4 class='q_team_name' style =\"font-weight: 600;text-transform: uppercase\">Antonio<\/h4><\/div><\/div><\/div><\/div><\/div>[\/vc_column][vc_column width=&#8221;1\/4&#8243;]<div class='q_team '><div class='q_team_inner'><div class='q_team_image'><img src='https:\/\/lavorare.net.br\/wp-content\/uploads\/2015\/01\/PAULO.jpg' alt='team_image' \/><div class='q_team_social_holder'  style='background-color:#f9a73a;'><div class='q_team_social'><div class='q_team_social_inner'><span class='q_social_icon_holder with_link normal_social' ><a href='https:\/\/facebook.com\/fabiano.carnevale' target='_blank'><i class='social_icon fa fa-facebook  simple_social' style=''><\/i><\/a><\/span><span class='q_social_icon_holder with_link normal_social' ><a href='http:\/\/twitter.com\/fabiano_c' target='_blank'><i class='social_icon fa fa-twitter  simple_social' style=''><\/i><\/a><\/span><\/div><\/div><\/div><\/div><div class='q_team_text ' ><div class='q_team_text_inner'><div class='q_team_title_holder'><h6 class='q_team_position' >Pesquisador<\/6><h4 class='q_team_name' style =\"color: #000000;font-weight: 600;text-transform: uppercase\">Peninha<\/h4><\/div><\/div><\/div><\/div><\/div>[\/vc_column][\/vc_row][vc_row row_type=&#8221;row&#8221; use_row_as_full_screen_section=&#8221;no&#8221; type=&#8221;grid&#8221; icon_pack=&#8221;font_awesome&#8221; content_menu_fe_icon=&#8221;arrow_back&#8221; text_align=&#8221;center&#8221; background_color=&#8221;#f2f2f2&#8243;][vc_column width=&#8221;1\/1&#8243; css=&#8221;.vc_custom_1427910100441{margin-top: 5px !important;margin-bottom: 0px !important;border-top-width: 0px !important;border-bottom-width: 0px !important;padding-top: 0px !important;padding-bottom: 0px !important;background-color: #f2f2f2 !important;}&#8221;][vc_text_separator title=&#8221;Parceiros&#8221; background_color=&#8221;#f2f2f2&#8243;][vc_single_image image=&#8221;1855&#8243; alignment=&#8221;center&#8221; border_color=&#8221;grey&#8221; img_link_target=&#8221;_self&#8221; qode_css_animation=&#8221;element_from_right&#8221; transition_delay=&#8221;1&#8243; img_size=&#8221;full&#8221;][vc_empty_space height=&#8221;32px&#8221;][\/vc_column][\/vc_row]<\/p>\n","protected":false},"excerpt":{"rendered":"<p>[vc_row row_type=&#8221;row&#8221; use_row_as_full_screen_section=&#8221;no&#8221; type=&#8221;grid&#8221; icon_pack=&#8221;font_awesome&#8221; content_menu_fe_icon=&#8221;arrow_back&#8221; text_align=&#8221;left&#8221; padding_top=&#8221;100&#8243; padding_bottom=&#8221;100&#8243; background_color=&#8221;#f5f5f5&#8243;][vc_column width=&#8221;1\/3&#8243;][vc_column_text]Design Gr\u00e1fico [\/vc_column_text][vc_column_text]Cria\u00e7\u00e3o, produ\u00e7\u00e3o e execu\u00e7\u00e3o de solu\u00e7\u00f5es gr\u00e1ficas para material promocional, editoriais e campanhas. Cria\u00e7\u00e3o de marca e logo, diagrama\u00e7\u00e3o e conte\u00fado visual [\/vc_column_text][\/vc_column][vc_column width=&#8221;1\/3&#8243; css=&#8221;.vc_custom_1427824606747{margin-bottom: 5px !important;border-bottom-width: 0px !important;padding-bottom: 0px !important;}&#8221;][vc_column_text]Digital [\/vc_column_text][vc_column_text]Cria\u00e7\u00e3o, produ\u00e7\u00e3o&#8230;<\/p>\n","protected":false},"author":2,"featured_media":0,"parent":0,"menu_order":0,"comment_status":"open","ping_status":"open","template":"full_width.php","meta":[],"_links":{"self":[{"href":"https:\/\/lavorare.net.br\/index.php?rest_route=\/wp\/v2\/pages\/7"}],"collection":[{"href":"https:\/\/lavorare.net.br\/index.php?rest_route=\/wp\/v2\/pages"}],"about":[{"href":"https:\/\/lavorare.net.br\/index.php?rest_route=\/wp\/v2\/types\/page"}],"author":[{"embeddable":true,"href":"https:\/\/lavorare.net.br\/index.php?rest_route=\/wp\/v2\/users\/2"}],"replies":[{"embeddable":true,"href":"https:\/\/lavorare.net.br\/index.php?rest_route=%2Fwp%2Fv2%2Fcomments&post=7"}],"version-history":[{"count":104,"href":"https:\/\/lavorare.net.br\/index.php?rest_route=\/wp\/v2\/pages\/7\/revisions"}],"predecessor-version":[{"id":2008,"href":"https:\/\/lavorare.net.br\/index.php?rest_route=\/wp\/v2\/pages\/7\/revisions\/2008"}],"wp:attachment":[{"href":"https:\/\/lavorare.net.br\/index.php?rest_route=%2Fwp%2Fv2%2Fmedia&parent=7"}],"curies":[{"name":"wp","href":"https:\/\/api.w.org\/{rel}","templated":true}]}}